62.138.2.14 - - [16/Feb/2026:01:59:32 +0100] "GET /NEU-Fenster-Eigenschaften-4353--7443_111.html HTTP/1.1" 200 15983 "-" "Mozilla/5.0 (X11; Linux x86_64) AppleWebKit/537.36 (KHTML, like Gecko) Chrome/124.0.0.0 Safari/537.36"
62.138.2.14 - - [16/Feb/2026:01:59:52 +0100] "GET /TOP-77/TOP-77-12---101_111-145.html HTTP/1.1" 200 14788 "-" "Mozilla/5.0 (X11; Linux x86_64) AppleWebKit/537.36 (KHTML, like Gecko) Chrome/124.0.0.0 Safari/537.36"
66.135.223.40 - - [16/Feb/2026:02:00:12 +0100] "POST /ebay_marketplace_account_deletion_endpoint.php HTTP/1.1" 200 3092 "-" "ReactorNetty/1.2.10"
62.138.2.14 - - [16/Feb/2026:02:00:12 +0100] "GET /TOP-12---71-166.html HTTP/1.1" 200 14795 "-" "Mozilla/5.0 (X11; Linux x86_64) AppleWebKit/537.36 (KHTML, like Gecko) Chrome/124.0.0.0 Safari/537.36"
216.113.184.102 - - [16/Feb/2026:02:00:15 +0100] "POST /ebay_marketplace_account_deletion_endpoint.php HTTP/1.1" 200 3092 "-" "ReactorNetty/1.2.10"
62.138.2.14 - - [16/Feb/2026:02:00:32 +0100] "GET /NEU-Fenster-Eigenschaften-4353--5810_71.html HTTP/1.1" 200 16034 "-" "Mozilla/5.0 (X11; Linux x86_64) AppleWebKit/537.36 (KHTML, like Gecko) Chrome/124.0.0.0 Safari/537.36"
62.138.2.14 - - [16/Feb/2026:02:00:52 +0100] "GET /TOP-77-13---112-159.html HTTP/1.1" 200 14621 "-" "Mozilla/5.0 (X11; Linux x86_64) AppleWebKit/537.36 (KHTML, like Gecko) Chrome/124.0.0.0 Safari/537.36"
66.211.183.70 - - [16/Feb/2026:02:01:08 +0100] "POST /ebay_marketplace_account_deletion_endpoint.php HTTP/1.1" 200 3092 "-" "ReactorNetty/1.2.10"
62.138.2.14 - - [16/Feb/2026:02:01:12 +0100] "GET /NEU-Fenster-Eigenschaften-4353--5582_71.html HTTP/1.1" 200 16055 "-" "Mozilla/5.0 (X11; Linux x86_64) AppleWebKit/537.36 (KHTML, like Gecko) Chrome/124.0.0.0 Safari/537.36"
62.138.2.14 - - [16/Feb/2026:02:01:32 +0100] "GET /NEU-Fenster-Eigenschaften-4353--8076_112.html HTTP/1.1" 200 16025 "-" "Mozilla/5.0 (X11; Linux x86_64) AppleWebKit/537.36 (KHTML, like Gecko) Chrome/124.0.0.0 Safari/537.36"
62.138.2.14 - - [16/Feb/2026:02:01:52 +0100] "GET /NEU-Fenster-Eigenschaften-4353--8078_112.html HTTP/1.1" 200 15998 "-" "Mozilla/5.0 (X11; Linux x86_64) AppleWebKit/537.36 (KHTML, like Gecko) Chrome/124.0.0.0 Safari/537.36"
62.138.2.14 - - [16/Feb/2026:02:02:13 +0100] "GET /NEU-Fenster-Eigenschaften-4353--5607_71.html HTTP/1.1" 200 16021 "-" "Mozilla/5.0 (X11; Linux x86_64) AppleWebKit/537.36 (KHTML, like Gecko) Chrome/124.0.0.0 Safari/537.36"
62.138.2.14 - - [16/Feb/2026:02:02:32 +0100] "GET /TOP-77/TOP-77-13---101_112-159.html HTTP/1.1" 200 14614 "-" "Mozilla/5.0 (X11; Linux x86_64) AppleWebKit/537.36 (KHTML, like Gecko) Chrome/124.0.0.0 Safari/537.36"
62.138.2.14 - - [16/Feb/2026:02:02:53 +0100] "GET /TOP-77/TOP-77-13---101_112-163.html HTTP/1.1" 200 14616 "-" "Mozilla/5.0 (X11; Linux x86_64) AppleWebKit/537.36 (KHTML, like Gecko) Chrome/124.0.0.0 Safari/537.36"
62.138.2.14 - - [16/Feb/2026:02:03:12 +0100] "GET /NEU-Fenster-Eigenschaften-4353--8090_112.html HTTP/1.1" 200 15995 "-" "Mozilla/5.0 (X11; Linux x86_64) AppleWebKit/537.36 (KHTML, like Gecko) Chrome/124.0.0.0 Safari/537.36"
62.138.2.14 - - [16/Feb/2026:02:03:33 +0100] "GET /TOP-77-13---112-154.html HTTP/1.1" 200 14623 "-" "Mozilla/5.0 (X11; Linux x86_64) AppleWebKit/537.36 (KHTML, like Gecko) Chrome/124.0.0.0 Safari/537.36"
62.138.2.14 - - [16/Feb/2026:02:03:52 +0100] "GET /TOP-77-13---112-160.html HTTP/1.1" 200 14621 "-" "Mozilla/5.0 (X11; Linux x86_64) AppleWebKit/537.36 (KHTML, like Gecko) Chrome/124.0.0.0 Safari/537.36"
62.138.2.14 - - [16/Feb/2026:02:04:12 +0100] "GET /TOP-77-13---112-163.html HTTP/1.1" 200 14623 "-" "Mozilla/5.0 (X11; Linux x86_64) AppleWebKit/537.36 (KHTML, like Gecko) Chrome/124.0.0.0 Safari/537.36"
62.138.2.14 - - [16/Feb/2026:02:04:32 +0100] "GET /TOP-77-13---112-152.html HTTP/1.1" 200 14620 "-" "Mozilla/5.0 (X11; Linux x86_64) AppleWebKit/537.36 (KHTML, like Gecko) Chrome/124.0.0.0 Safari/537.36"
216.113.184.102 - - [16/Feb/2026:02:04:35 +0100] "POST /ebay_marketplace_account_deletion_endpoint.php HTTP/1.1" 200 3092 "-" "ReactorNetty/1.2.10"
216.113.184.102 - - [16/Feb/2026:02:04:36 +0100] "POST /ebay_marketplace_account_deletion_endpoint.php HTTP/1.1" 200 3092 "-" "ReactorNetty/1.2.10"
62.138.2.14 - - [16/Feb/2026:02:04:53 +0100] "GET /TOP-77-13---112-161.html HTTP/1.1" 200 14620 "-" "Mozilla/5.0 (X11; Linux x86_64) AppleWebKit/537.36 (KHTML, like Gecko) Chrome/124.0.0.0 Safari/537.36"
216.113.184.101 - - [16/Feb/2026:02:04:58 +0100] "POST /ebay_marketplace_account_deletion_endpoint.php HTTP/1.1" 200 3092 "-" "ReactorNetty/1.2.10"
216.113.184.103 - - [16/Feb/2026:02:04:58 +0100] "POST /ebay_marketplace_account_deletion_endpoint.php HTTP/1.1" 200 3092 "-" "ReactorNetty/1.2.10"
66.135.223.41 - - [16/Feb/2026:02:04:58 +0100] "POST /ebay_marketplace_account_deletion_endpoint.php HTTP/1.1" 200 3092 "-" "ReactorNetty/1.2.10"
66.211.183.70 - - [16/Feb/2026:02:04:59 +0100] "POST /ebay_marketplace_account_deletion_endpoint.php HTTP/1.1" 200 3092 "-" "ReactorNetty/1.2.10"
66.135.223.43 - - [16/Feb/2026:02:05:01 +0100] "POST /ebay_marketplace_account_deletion_endpoint.php HTTP/1.1" 200 3092 "-" "ReactorNetty/1.2.10"
216.113.184.103 - - [16/Feb/2026:02:05:02 +0100] "POST /ebay_marketplace_account_deletion_endpoint.php HTTP/1.1" 200 3092 "-" "ReactorNetty/1.2.10"
62.138.2.14 - - [16/Feb/2026:02:05:12 +0100] "GET /NEU-Fenster-Eigenschaften-4353--8066_112.html HTTP/1.1" 200 16003 "-" "Mozilla/5.0 (X11; Linux x86_64) AppleWebKit/537.36 (KHTML, like Gecko) Chrome/124.0.0.0 Safari/537.36"
66.135.223.42 - - [16/Feb/2026:02:05:27 +0100] "POST /ebay_marketplace_account_deletion_endpoint.php HTTP/1.1" 200 3092 "-" "ReactorNetty/1.2.10"
62.138.2.14 - - [16/Feb/2026:02:05:32 +0100] "GET /NEU-Fenster-Eigenschaften-4353--8075_112.html HTTP/1.1" 200 16061 "-" "Mozilla/5.0 (X11; Linux x86_64) AppleWebKit/537.36 (KHTML, like Gecko) Chrome/124.0.0.0 Safari/537.36"
62.138.2.14 - - [16/Feb/2026:02:05:52 +0100] "GET /TOP-1-viele/TOP-12---69_71-149.html HTTP/1.1" 200 14779 "-" "Mozilla/5.0 (X11; Linux x86_64) AppleWebKit/537.36 (KHTML, like Gecko) Chrome/124.0.0.0 Safari/537.36"
62.138.2.14 - - [16/Feb/2026:02:06:13 +0100] "GET /TOP-1-viele/TOP-12---69_71-145.html HTTP/1.1" 200 14784 "-" "Mozilla/5.0 (X11; Linux x86_64) AppleWebKit/537.36 (KHTML, like Gecko) Chrome/124.0.0.0 Safari/537.36"
62.138.2.14 - - [16/Feb/2026:02:06:32 +0100] "GET /TOP-1-viele/TOP-12---69_71-143.html HTTP/1.1" 200 14779 "-" "Mozilla/5.0 (X11; Linux x86_64) AppleWebKit/537.36 (KHTML, like Gecko) Chrome/124.0.0.0 Safari/537.36"
62.138.2.14 - - [16/Feb/2026:02:06:55 +0100] "GET /TOP-1-viele/TOP-12---69_71-123.html HTTP/1.1" 200 14781 "-" "Mozilla/5.0 (X11; Linux x86_64) AppleWebKit/537.36 (KHTML, like Gecko) Chrome/124.0.0.0 Safari/537.36"
62.138.2.14 - - [16/Feb/2026:02:07:12 +0100] "GET /TOP-1-viele/TOP-12---69_71-150.html HTTP/1.1" 200 14779 "-" "Mozilla/5.0 (X11; Linux x86_64) AppleWebKit/537.36 (KHTML, like Gecko) Chrome/124.0.0.0 Safari/537.36"
62.138.2.14 - - [16/Feb/2026:02:07:32 +0100] "GET /TOP-1-viele/TOP-12---69_71-120.html HTTP/1.1" 200 14778 "-" "Mozilla/5.0 (X11; Linux x86_64) AppleWebKit/537.36 (KHTML, like Gecko) Chrome/124.0.0.0 Safari/537.36"
62.138.2.14 - - [16/Feb/2026:02:07:54 +0100] "GET /TOP-1-viele/TOP-12---69_71-93.html HTTP/1.1" 200 14779 "-" "Mozilla/5.0 (X11; Linux x86_64) AppleWebKit/537.36 (KHTML, like Gecko) Chrome/124.0.0.0 Safari/537.36"
62.138.2.14 - - [16/Feb/2026:02:08:12 +0100] "GET /NEU-Fenster-Eigenschaften-4353--8995_74.html HTTP/1.1" 200 15993 "-" "Mozilla/5.0 (X11; Linux x86_64) AppleWebKit/537.36 (KHTML, like Gecko) Chrome/124.0.0.0 Safari/537.36"
216.113.184.101 - - [16/Feb/2026:02:08:20 +0100] "POST /ebay_marketplace_account_deletion_endpoint.php HTTP/1.1" 200 3092 "-" "ReactorNetty/1.2.10"
62.138.2.14 - - [16/Feb/2026:02:08:32 +0100] "GET /NEU-Fenster-Eigenschaften-4353--8981_74.html HTTP/1.1" 200 16044 "-" "Mozilla/5.0 (X11; Linux x86_64) AppleWebKit/537.36 (KHTML, like Gecko) Chrome/124.0.0.0 Safari/537.36"
62.138.2.14 - - [16/Feb/2026:02:08:52 +0100] "GET /NEU-Fenster-Eigenschaften-4353--8971_74.html HTTP/1.1" 200 16012 "-" "Mozilla/5.0 (X11; Linux x86_64) AppleWebKit/537.36 (KHTML, like Gecko) Chrome/124.0.0.0 Safari/537.36"
62.138.2.14 - - [16/Feb/2026:02:09:12 +0100] "GET /NEU-Fenster-Eigenschaften-4353--8991_74.html HTTP/1.1" 200 16013 "-" "Mozilla/5.0 (X11; Linux x86_64) AppleWebKit/537.36 (KHTML, like Gecko) Chrome/124.0.0.0 Safari/537.36"
66.211.183.72 - - [16/Feb/2026:02:09:16 +0100] "POST /ebay_marketplace_account_deletion_endpoint.php HTTP/1.1" 200 3092 "-" "ReactorNetty/1.2.10"
66.211.183.74 - - [16/Feb/2026:02:09:16 +0100] "POST /ebay_marketplace_account_deletion_endpoint.php HTTP/1.1" 200 3092 "-" "ReactorNetty/1.2.10"
62.138.2.14 - - [16/Feb/2026:02:09:32 +0100] "GET /NEU-Fenster-Eigenschaften-4353--8972_74.html HTTP/1.1" 200 16017 "-" "Mozilla/5.0 (X11; Linux x86_64) AppleWebKit/537.36 (KHTML, like Gecko) Chrome/124.0.0.0 Safari/537.36"
62.138.2.14 - - [16/Feb/2026:02:09:52 +0100] "GET /NEU-Fenster-Eigenschaften-4353--8062_112.html HTTP/1.1" 200 16008 "-" "Mozilla/5.0 (X11; Linux x86_64) AppleWebKit/537.36 (KHTML, like Gecko) Chrome/124.0.0.0 Safari/537.36"
62.138.2.14 - - [16/Feb/2026:02:10:12 +0100] "GET /TOP-77/TOP-77-13---101_112-166.html HTTP/1.1" 200 14615 "-" "Mozilla/5.0 (X11; Linux x86_64) AppleWebKit/537.36 (KHTML, like Gecko) Chrome/124.0.0.0 Safari/537.36"
62.138.2.14 - - [16/Feb/2026:02:10:32 +0100] "GET /NEU-Fenster-Eigenschaften-4353--8054_112.html HTTP/1.1" 200 15977 "-" "Mozilla/5.0 (X11; Linux x86_64) AppleWebKit/537.36 (KHTML, like Gecko) Chrome/124.0.0.0 Safari/537.36"
62.138.2.14 - - [16/Feb/2026:02:10:52 +0100] "GET /NEU-Fenster-Eigenschaften-4353--8045_112.html HTTP/1.1" 200 16036 "-" "Mozilla/5.0 (X11; Linux x86_64) AppleWebKit/537.36 (KHTML, like Gecko) Chrome/124.0.0.0 Safari/537.36"
62.138.2.160 - - [16/Feb/2026:02:11:12 +0100] "GET /images/product_images/info_images/8045_0.png HTTP/1.1" 206 14497 "https://yes-a177922.de/NEU-Fenster-Eigenschaften-4353--8045_112.html" "Mozilla/5.0 (Macintosh; Intel Mac OS X 10.15; rv:103.0) Gecko/20100101 Firefox/103.0"
62.138.2.14 - - [16/Feb/2026:02:11:15 +0100] "GET /TOP-77/TOP-77-13---101_112-165.html HTTP/1.1" 200 14619 "-" "Mozilla/5.0 (X11; Linux x86_64) AppleWebKit/537.36 (KHTML, like Gecko) Chrome/124.0.0.0 Safari/537.36"
62.138.2.14 - - [16/Feb/2026:02:11:32 +0100] "GET /NEU-Fenster-Eigenschaften-4353--8087_112.html HTTP/1.1" 200 16062 "-" "Mozilla/5.0 (X11; Linux x86_64) AppleWebKit/537.36 (KHTML, like Gecko) Chrome/124.0.0.0 Safari/537.36"
62.138.2.14 - - [16/Feb/2026:02:11:54 +0100] "GET /TOP-77-12---111-164.html HTTP/1.1" 200 14608 "-" "Mozilla/5.0 (X11; Linux x86_64) AppleWebKit/537.36 (KHTML, like Gecko) Chrome/124.0.0.0 Safari/537.36"
62.138.2.14 - - [16/Feb/2026:02:12:12 +0100] "GET /NEU-Fenster-Eigenschaften-4353--5619_71.html HTTP/1.1" 200 16001 "-" "Mozilla/5.0 (X11; Linux x86_64) AppleWebKit/537.36 (KHTML, like Gecko) Chrome/124.0.0.0 Safari/537.36"
216.113.184.101 - - [16/Feb/2026:02:12:30 +0100] "POST /ebay_marketplace_account_deletion_endpoint.php HTTP/1.1" 200 3092 "-" "ReactorNetty/1.2.10"
62.138.2.14 - - [16/Feb/2026:02:12:32 +0100] "GET /NEU-Fenster-Eigenschaften-4353--5626_71.html HTTP/1.1" 200 15986 "-" "Mozilla/5.0 (X11; Linux x86_64) AppleWebKit/537.36 (KHTML, like Gecko) Chrome/124.0.0.0 Safari/537.36"
62.138.2.14 - - [16/Feb/2026:02:12:52 +0100] "GET /TOP-77-12---111-158.html HTTP/1.1" 200 14610 "-" "Mozilla/5.0 (X11; Linux x86_64) AppleWebKit/537.36 (KHTML, like Gecko) Chrome/124.0.0.0 Safari/537.36"
62.138.2.14 - - [16/Feb/2026:02:13:12 +0100] "GET /NEU-Fenster-Eigenschaften-4353--5759_71.html HTTP/1.1" 200 16002 "-" "Mozilla/5.0 (X11; Linux x86_64) AppleWebKit/537.36 (KHTML, like Gecko) Chrome/124.0.0.0 Safari/537.36"
62.138.2.14 - - [16/Feb/2026:02:13:33 +0100] "GET /NEU-Fenster-Eigenschaften-4353--7557_111.html HTTP/1.1" 200 15993 "-" "Mozilla/5.0 (X11; Linux x86_64) AppleWebKit/537.36 (KHTML, like Gecko) Chrome/124.0.0.0 Safari/537.36"
62.138.2.14 - - [16/Feb/2026:02:13:52 +0100] "GET /TOP-12---71-179.html HTTP/1.1" 200 14797 "-" "Mozilla/5.0 (X11; Linux x86_64) AppleWebKit/537.36 (KHTML, like Gecko) Chrome/124.0.0.0 Safari/537.36"
62.138.2.14 - - [16/Feb/2026:02:14:13 +0100] "GET /TOP-12---71-153.html HTTP/1.1" 200 14794 "-" "Mozilla/5.0 (X11; Linux x86_64) AppleWebKit/537.36 (KHTML, like Gecko) Chrome/124.0.0.0 Safari/537.36"
62.138.2.14 - - [16/Feb/2026:02:14:34 +0100] "GET /NEU-Fenster-Eigenschaften-4353--7556_111.html HTTP/1.1" 200 16046 "-" "Mozilla/5.0 (X11; Linux x86_64) AppleWebKit/537.36 (KHTML, like Gecko) Chrome/124.0.0.0 Safari/537.36"
216.113.184.104 - - [16/Feb/2026:02:14:36 +0100] "POST /ebay_marketplace_account_deletion_endpoint.php HTTP/1.1" 200 3092 "-" "ReactorNetty/1.2.10"
66.211.183.71 - - [16/Feb/2026:02:14:36 +0100] "POST /ebay_marketplace_account_deletion_endpoint.php HTTP/1.1" 200 3092 "-" "ReactorNetty/1.2.10"
66.135.223.44 - - [16/Feb/2026:02:14:36 +0100] "POST /ebay_marketplace_account_deletion_endpoint.php HTTP/1.1" 200 3092 "-" "ReactorNetty/1.2.10"
216.113.184.102 - - [16/Feb/2026:02:14:36 +0100] "POST /ebay_marketplace_account_deletion_endpoint.php HTTP/1.1" 200 3092 "-" "ReactorNetty/1.2.10"
66.211.183.70 - - [16/Feb/2026:02:14:36 +0100] "POST /ebay_marketplace_account_deletion_endpoint.php HTTP/1.1" 200 3092 "-" "ReactorNetty/1.2.10"
66.135.223.44 - - [16/Feb/2026:02:14:36 +0100] "POST /ebay_marketplace_account_deletion_endpoint.php HTTP/1.1" 200 3092 "-" "ReactorNetty/1.2.10"
66.211.183.70 - - [16/Feb/2026:02:14:36 +0100] "POST /ebay_marketplace_account_deletion_endpoint.php HTTP/1.1" 200 3092 "-" "ReactorNetty/1.2.10"
66.135.223.42 - - [16/Feb/2026:02:14:36 +0100] "POST /ebay_marketplace_account_deletion_endpoint.php HTTP/1.1" 200 3092 "-" "ReactorNetty/1.2.10"
216.113.184.101 - - [16/Feb/2026:02:14:36 +0100] "POST /ebay_marketplace_account_deletion_endpoint.php HTTP/1.1" 200 3092 "-" "ReactorNetty/1.2.10"
216.113.184.105 - - [16/Feb/2026:02:14:37 +0100] "POST /ebay_marketplace_account_deletion_endpoint.php HTTP/1.1" 200 3092 "-" "ReactorNetty/1.2.10"
216.113.184.103 - - [16/Feb/2026:02:14:38 +0100] "POST /ebay_marketplace_account_deletion_endpoint.php HTTP/1.1" 200 3092 "-" "ReactorNetty/1.2.10"
62.138.2.14 - - [16/Feb/2026:02:14:52 +0100] "GET /TOP-12---71-169.html HTTP/1.1" 200 14797 "-" "Mozilla/5.0 (X11; Linux x86_64) AppleWebKit/537.36 (KHTML, like Gecko) Chrome/124.0.0.0 Safari/537.36"
216.113.184.103 - - [16/Feb/2026:02:14:57 +0100] "POST /ebay_marketplace_account_deletion_endpoint.php HTTP/1.1" 200 3092 "-" "ReactorNetty/1.2.10"
66.135.223.42 - - [16/Feb/2026:02:15:12 +0100] "POST /ebay_marketplace_account_deletion_endpoint.php HTTP/1.1" 200 3092 "-" "ReactorNetty/1.2.10"
62.138.2.14 - - [16/Feb/2026:02:15:13 +0100] "GET /TOP-12---71-181.html HTTP/1.1" 200 14654 "-" "Mozilla/5.0 (X11; Linux x86_64) AppleWebKit/537.36 (KHTML, like Gecko) Chrome/124.0.0.0 Safari/537.36"
62.138.2.14 - - [16/Feb/2026:02:15:32 +0100] "GET /NEU-Fenster-Eigenschaften-4353--5826_71.html HTTP/1.1" 200 16024 "-" "Mozilla/5.0 (X11; Linux x86_64) AppleWebKit/537.36 (KHTML, like Gecko) Chrome/124.0.0.0 Safari/537.36"
62.138.2.14 - - [16/Feb/2026:02:15:53 +0100] "GET /TOP-12---71-165.html HTTP/1.1" 200 14799 "-" "Mozilla/5.0 (X11; Linux x86_64) AppleWebKit/537.36 (KHTML, like Gecko) Chrome/124.0.0.0 Safari/537.36"
62.138.2.14 - - [16/Feb/2026:02:16:14 +0100] "GET /TOP-12---71-178.html HTTP/1.1" 200 14796 "-" "Mozilla/5.0 (X11; Linux x86_64) AppleWebKit/537.36 (KHTML, like Gecko) Chrome/124.0.0.0 Safari/537.36"
62.138.2.14 - - [16/Feb/2026:02:16:32 +0100] "GET /NEU-Fenster-Eigenschaften-4353--5804_71.html HTTP/1.1" 200 16048 "-" "Mozilla/5.0 (X11; Linux x86_64) AppleWebKit/537.36 (KHTML, like Gecko) Chrome/124.0.0.0 Safari/537.36"
66.211.183.74 - - [16/Feb/2026:02:16:33 +0100] "POST /ebay_marketplace_account_deletion_endpoint.php HTTP/1.1" 200 3092 "-" "ReactorNetty/1.2.10"
62.138.2.14 - - [16/Feb/2026:02:16:53 +0100] "GET /NEU-Fenster-Eigenschaften-4353--5651_71.html HTTP/1.1" 200 16012 "-" "Mozilla/5.0 (X11; Linux x86_64) AppleWebKit/537.36 (KHTML, like Gecko) Chrome/124.0.0.0 Safari/537.36"
62.138.2.14 - - [16/Feb/2026:02:17:13 +0100] "GET /NEU-Fenster-Eigenschaften-4353--5600_71.html HTTP/1.1" 200 15981 "-" "Mozilla/5.0 (X11; Linux x86_64) AppleWebKit/537.36 (KHTML, like Gecko) Chrome/124.0.0.0 Safari/537.36"
62.138.2.14 - - [16/Feb/2026:02:17:33 +0100] "GET /TOP-1-viele/TOP-12---69_71-94.html HTTP/1.1" 200 14778 "-" "Mozilla/5.0 (X11; Linux x86_64) AppleWebKit/537.36 (KHTML, like Gecko) Chrome/124.0.0.0 Safari/537.36"
62.138.2.14 - - [16/Feb/2026:02:17:53 +0100] "GET /TOP-1-viele/TOP-12---69_71-99.html HTTP/1.1" 200 14781 "-" "Mozilla/5.0 (X11; Linux x86_64) AppleWebKit/537.36 (KHTML, like Gecko) Chrome/124.0.0.0 Safari/537.36"
62.138.2.14 - - [16/Feb/2026:02:18:13 +0100] "GET /TOP-1-viele/TOP-12---69_71-95.html HTTP/1.1" 200 14782 "-" "Mozilla/5.0 (X11; Linux x86_64) AppleWebKit/537.36 (KHTML, like Gecko) Chrome/124.0.0.0 Safari/537.36"
62.138.2.14 - - [16/Feb/2026:02:18:33 +0100] "GET /TOP-1-viele/TOP-12---69_71-92.html HTTP/1.1" 200 14773 "-" "Mozilla/5.0 (X11; Linux x86_64) AppleWebKit/537.36 (KHTML, like Gecko) Chrome/124.0.0.0 Safari/537.36"
62.138.2.14 - - [16/Feb/2026:02:18:55 +0100] "GET /NEU-Fenster-Eigenschaften-4353--5620_71.html HTTP/1.1" 200 15986 "-" "Mozilla/5.0 (X11; Linux x86_64) AppleWebKit/537.36 (KHTML, like Gecko) Chrome/124.0.0.0 Safari/537.36"
62.138.2.14 - - [16/Feb/2026:02:19:13 +0100] "GET /NEU-Fenster-Eigenschaften-4353--7588_111.html HTTP/1.1" 200 16034 "-" "Mozilla/5.0 (X11; Linux x86_64) AppleWebKit/537.36 (KHTML, like Gecko) Chrome/124.0.0.0 Safari/537.36"
62.138.2.14 - - [16/Feb/2026:02:19:33 +0100] "GET /NEU-Fenster-Eigenschaften-4353--7590_111.html HTTP/1.1" 200 15997 "-" "Mozilla/5.0 (X11; Linux x86_64) AppleWebKit/537.36 (KHTML, like Gecko) Chrome/124.0.0.0 Safari/537.36"
62.138.2.14 - - [16/Feb/2026:02:19:53 +0100] "GET /TOP-12---71-158.html HTTP/1.1" 200 14795 "-" "Mozilla/5.0 (X11; Linux x86_64) AppleWebKit/537.36 (KHTML, like Gecko) Chrome/124.0.0.0 Safari/537.36"
66.211.183.70 - - [16/Feb/2026:02:20:12 +0100] "POST /ebay_marketplace_account_deletion_endpoint.php HTTP/1.1" 200 3092 "-" "ReactorNetty/1.2.10"
216.113.184.102 - - [16/Feb/2026:02:20:12 +0100] "POST /ebay_marketplace_account_deletion_endpoint.php HTTP/1.1" 200 3092 "-" "ReactorNetty/1.2.10"
62.138.2.14 - - [16/Feb/2026:02:20:13 +0100] "GET /NEU-Fenster-Eigenschaften-4353--5755_71.html HTTP/1.1" 200 15988 "-" "Mozilla/5.0 (X11; Linux x86_64) AppleWebKit/537.36 (KHTML, like Gecko) Chrome/124.0.0.0 Safari/537.36"
66.211.183.72 - - [16/Feb/2026:02:20:15 +0100] "POST /ebay_marketplace_account_deletion_endpoint.php HTTP/1.1" 200 3092 "-" "ReactorNetty/1.2.10"
62.138.2.14 - - [16/Feb/2026:02:20:33 +0100] "GET /TOP-77-12---111-166.html HTTP/1.1" 200 14610 "-" "Mozilla/5.0 (X11; Linux x86_64) AppleWebKit/537.36 (KHTML, like Gecko) Chrome/124.0.0.0 Safari/537.36"
62.138.2.14 - - [16/Feb/2026:02:20:53 +0100] "GET /NEU-Fenster-Eigenschaften-4353--5780_71.html HTTP/1.1" 200 16002 "-" "Mozilla/5.0 (X11; Linux x86_64) AppleWebKit/537.36 (KHTML, like Gecko) Chrome/124.0.0.0 Safari/537.36"
62.138.2.14 - - [16/Feb/2026:02:21:13 +0100] "GET /NEU-Fenster-Eigenschaften-4353--7580_111.html HTTP/1.1" 200 16065 "-" "Mozilla/5.0 (X11; Linux x86_64) AppleWebKit/537.36 (KHTML, like Gecko) Chrome/124.0.0.0 Safari/537.36"
62.138.2.14 - - [16/Feb/2026:02:21:33 +0100] "GET /NEU-Fenster-Eigenschaften-4353--7579_111.html HTTP/1.1" 200 15986 "-" "Mozilla/5.0 (X11; Linux x86_64) AppleWebKit/537.36 (KHTML, like Gecko) Chrome/124.0.0.0 Safari/537.36"
62.138.2.14 - - [16/Feb/2026:02:21:53 +0100] "GET /TOP-12---71-152.html HTTP/1.1" 200 14792 "-" "Mozilla/5.0 (X11; Linux x86_64) AppleWebKit/537.36 (KHTML, like Gecko) Chrome/124.0.0.0 Safari/537.36"
62.138.2.14 - - [16/Feb/2026:02:22:54 +0100] "GET /NEU-Fenster-Eigenschaften-4353--5815_71.html HTTP/1.1" 200 15972 "-" "Mozilla/5.0 (X11; Linux x86_64) AppleWebKit/537.36 (KHTML, like Gecko) Chrome/124.0.0.0 Safari/537.36"
66.211.183.70 - - [16/Feb/2026:02:23:11 +0100] "POST /ebay_marketplace_account_deletion_endpoint.php HTTP/1.1" 200 3092 "-" "ReactorNetty/1.2.10"
66.135.223.43 - - [16/Feb/2026:02:23:13 +0100] "POST /ebay_marketplace_account_deletion_endpoint.php HTTP/1.1" 200 3092 "-" "ReactorNetty/1.2.10"
216.113.184.105 - - [16/Feb/2026:02:23:31 +0100] "POST /ebay_marketplace_account_deletion_endpoint.php HTTP/1.1" 200 3092 "-" "ReactorNetty/1.2.10"
66.211.183.71 - - [16/Feb/2026:02:23:31 +0100] "POST /ebay_marketplace_account_deletion_endpoint.php HTTP/1.1" 200 3092 "-" "ReactorNetty/1.2.10"
66.135.223.42 - - [16/Feb/2026:02:23:32 +0100] "POST /ebay_marketplace_account_deletion_endpoint.php HTTP/1.1" 200 3092 "-" "ReactorNetty/1.2.10"
216.113.184.101 - - [16/Feb/2026:02:24:14 +0100] "POST /ebay_marketplace_account_deletion_endpoint.php HTTP/1.1" 200 3092 "-" "ReactorNetty/1.2.10"
62.138.2.14 - - [16/Feb/2026:02:24:33 +0100] "GET /NEU-Fenster-Eigenschaften-4353--5820_71.html HTTP/1.1" 200 15983 "-" "Mozilla/5.0 (X11; Linux x86_64) AppleWebKit/537.36 (KHTML, like Gecko) Chrome/124.0.0.0 Safari/537.36"
198.244.168.197 - - [16/Feb/2026:02:25:14 +0100] "GET /robots.txt HTTP/1.1" 206 3661 "-" "Mozilla/5.0 (compatible; AhrefsBot/7.0; +http://ahrefs.com/robot/)"
51.89.129.208 - - [16/Feb/2026:02:25:17 +0100] "GET / HTTP/1.1" 200 16425 "-" "Mozilla/5.0 (compatible; AhrefsBot/7.0; +http://ahrefs.com/robot/)"
66.135.223.44 - - [16/Feb/2026:02:25:50 +0100] "POST /ebay_marketplace_account_deletion_endpoint.php HTTP/1.1" 200 3092 "-" "ReactorNetty/1.2.10"
62.138.2.14 - - [16/Feb/2026:02:25:53 +0100] "GET /NEU-Fenster-Eigenschaften-4353--5790_71.html HTTP/1.1" 200 15992 "-" "Mozilla/5.0 (X11; Linux x86_64) AppleWebKit/537.36 (KHTML, like Gecko) Chrome/124.0.0.0 Safari/537.36"
66.135.223.41 - - [16/Feb/2026:02:25:57 +0100] "POST /ebay_marketplace_account_deletion_endpoint.php HTTP/1.1" 200 3092 "-" "ReactorNetty/1.2.10"
216.113.184.105 - - [16/Feb/2026:02:26:06 +0100] "POST /ebay_marketplace_account_deletion_endpoint.php HTTP/1.1" 200 3092 "-" "ReactorNetty/1.2.10"
66.211.183.70 - - [16/Feb/2026:02:26:07 +0100] "POST /ebay_marketplace_account_deletion_endpoint.php HTTP/1.1" 200 3092 "-" "ReactorNetty/1.2.10"
62.138.2.14 - - [16/Feb/2026:02:26:13 +0100] "GET /NEU-Fenster-Eigenschaften-4353--5832_71.html HTTP/1.1" 200 15975 "-" "Mozilla/5.0 (X11; Linux x86_64) AppleWebKit/537.36 (KHTML, like Gecko) Chrome/124.0.0.0 Safari/537.36"
62.138.2.14 - - [16/Feb/2026:02:26:34 +0100] "GET /NEU-Fenster-Eigenschaften-4353--5800_71.html HTTP/1.1" 200 16025 "-" "Mozilla/5.0 (X11; Linux x86_64) AppleWebKit/537.36 (KHTML, like Gecko) Chrome/124.0.0.0 Safari/537.36"
62.138.2.14 - - [16/Feb/2026:02:27:13 +0100] "GET /NEU-Fenster-Eigenschaften-4353--5768_71.html HTTP/1.1" 200 16011 "-" "Mozilla/5.0 (X11; Linux x86_64) AppleWebKit/537.36 (KHTML, like Gecko) Chrome/124.0.0.0 Safari/537.36"
62.138.2.14 - - [16/Feb/2026:02:27:33 +0100] "GET /NEU-Fenster-Eigenschaften-4353--5769_71.html HTTP/1.1" 200 15974 "-" "Mozilla/5.0 (X11; Linux x86_64) AppleWebKit/537.36 (KHTML, like Gecko) Chrome/124.0.0.0 Safari/537.36"
62.138.6.15 - - [16/Feb/2026:02:27:57 +0100] "GET /images/product_images/popup_images/5769_0.png HTTP/1.1" 206 29172 "https://yes-a177922.de/NEU-Fenster-Eigenschaften-4353--5769_71.html" "Mozilla/5.0 (Macintosh; Intel Mac OS X 10.15; rv:103.0) Gecko/20100101 Firefox/103.0"
66.211.183.71 - - [16/Feb/2026:02:28:10 +0100] "POST /ebay_marketplace_account_deletion_endpoint.php HTTP/1.1" 200 3092 "-" "ReactorNetty/1.2.10"
62.138.2.14 - - [16/Feb/2026:02:28:13 +0100] "GET /NEU-Fenster-Eigenschaften-4353--5579_71.html HTTP/1.1" 200 16012 "-" "Mozilla/5.0 (X11; Linux x86_64) AppleWebKit/537.36 (KHTML, like Gecko) Chrome/124.0.0.0 Safari/537.36"
62.138.2.14 - - [16/Feb/2026:02:28:35 +0100] "GET /NEU-Fenster-Eigenschaften-4353--5755_71.html HTTP/1.1" 200 15977 "-" "Mozilla/5.0 (X11; Linux x86_64) AppleWebKit/537.36 (KHTML, like Gecko) Chrome/124.0.0.0 Safari/537.36"
62.138.2.14 - - [16/Feb/2026:02:28:53 +0100] "GET /TOP-12---71-176.html HTTP/1.1" 200 14795 "-" "Mozilla/5.0 (X11; Linux x86_64) AppleWebKit/537.36 (KHTML, like Gecko) Chrome/124.0.0.0 Safari/537.36"
62.138.2.14 - - [16/Feb/2026:02:29:13 +0100] "GET /NEU-Fenster-Eigenschaften-4353--7554_111.html HTTP/1.1" 200 15976 "-" "Mozilla/5.0 (X11; Linux x86_64) AppleWebKit/537.36 (KHTML, like Gecko) Chrome/124.0.0.0 Safari/537.36"
216.113.184.104 - - [16/Feb/2026:02:29:31 +0100] "POST /ebay_marketplace_account_deletion_endpoint.php HTTP/1.1" 200 3092 "-" "ReactorNetty/1.2.10"
62.138.2.14 - - [16/Feb/2026:02:29:33 +0100] "GET /NEU-Fenster-Eigenschaften-4353--5625_71.html HTTP/1.1" 200 16003 "-" "Mozilla/5.0 (X11; Linux x86_64) AppleWebKit/537.36 (KHTML, like Gecko) Chrome/124.0.0.0 Safari/537.36"
51.89.129.33 - - [16/Feb/2026:02:29:48 +0100] "GET /images/product_images/thumbnail_images/8928_0.png HTTP/1.1" 206 7700 "-" "Mozilla/5.0 (compatible; AhrefsBot/7.0; +http://ahrefs.com/robot/)"
198.244.168.215 - - [16/Feb/2026:02:29:48 +0100] "GET /images/product_images/thumbnail_images/8770_0.png HTTP/1.1" 206 7700 "-" "Mozilla/5.0 (compatible; AhrefsBot/7.0; +http://ahrefs.com/robot/)"
198.244.168.200 - - [16/Feb/2026:02:29:49 +0100] "GET /images/product_images/thumbnail_images/8000_0.png HTTP/1.1" 206 7700 "-" "Mozilla/5.0 (compatible; AhrefsBot/7.0; +http://ahrefs.com/robot/)"
51.195.183.98 - - [16/Feb/2026:02:29:50 +0100] "GET /images/product_images/thumbnail_images/6105_0.png HTTP/1.1" 206 7700 "-" "Mozilla/5.0 (compatible; AhrefsBot/7.0; +http://ahrefs.com/robot/)"
198.244.242.199 - - [16/Feb/2026:02:29:50 +0100] "GET /images/product_images/thumbnail_images/5288_0.png HTTP/1.1" 206 7700 "-" "Mozilla/5.0 (compatible; AhrefsBot/7.0; +http://ahrefs.com/robot/)"
198.244.183.141 - - [16/Feb/2026:02:29:51 +0100] "GET /images/product_images/thumbnail_images/7841_0.png HTTP/1.1" 206 7700 "-" "Mozilla/5.0 (compatible; AhrefsBot/7.0; +http://ahrefs.com/robot/)"
54.38.147.3 - - [16/Feb/2026:02:29:52 +0100] "GET /images/product_images/thumbnail_images/5577_0.png HTTP/1.1" 206 7700 "-" "Mozilla/5.0 (compatible; AhrefsBot/7.0; +http://ahrefs.com/robot/)"
198.244.226.124 - - [16/Feb/2026:02:29:53 +0100] "GET /images/product_images/thumbnail_images/5176_0.png HTTP/1.1" 206 7700 "-" "Mozilla/5.0 (compatible; AhrefsBot/7.0; +http://ahrefs.com/robot/)"
62.138.2.14 - - [16/Feb/2026:02:29:53 +0100] "GET /NEU-Fenster-Eigenschaften-4353--7584_111.html HTTP/1.1" 200 15990 "-" "Mozilla/5.0 (X11; Linux x86_64) AppleWebKit/537.36 (KHTML, like Gecko) Chrome/124.0.0.0 Safari/537.36"
62.138.2.214 - - [16/Feb/2026:02:30:06 +0100] "GET /images/product_images/info_images/7584_0.png HTTP/1.1" 206 14497 "https://yes-a177922.de/NEU-Fenster-Eigenschaften-4353--7584_111.html" "Mozilla/5.0 (Macintosh; Intel Mac OS X 10.15; rv:103.0) Gecko/20100101 Firefox/103.0"
62.138.2.14 - - [16/Feb/2026:02:30:15 +0100] "GET /NEU-Fenster-Eigenschaften-4353--7582_111.html HTTP/1.1" 200 16001 "-" "Mozilla/5.0 (X11; Linux x86_64) AppleWebKit/537.36 (KHTML, like Gecko) Chrome/124.0.0.0 Safari/537.36"
62.138.2.14 - - [16/Feb/2026:02:30:33 +0100] "GET /NEU-Fenster-Eigenschaften-4353--5598_71.html HTTP/1.1" 200 16057 "-" "Mozilla/5.0 (X11; Linux x86_64) AppleWebKit/537.36 (KHTML, like Gecko) Chrome/124.0.0.0 Safari/537.36"
62.138.2.14 - - [16/Feb/2026:02:30:53 +0100] "GET /TOP-12---71-163.html HTTP/1.1" 200 14795 "-" "Mozilla/5.0 (X11; Linux x86_64) AppleWebKit/537.36 (KHTML, like Gecko) Chrome/124.0.0.0 Safari/537.36"
216.113.184.101 - - [16/Feb/2026:02:31:11 +0100] "POST /ebay_marketplace_account_deletion_endpoint.php HTTP/1.1" 200 3092 "-" "ReactorNetty/1.2.10"
216.113.184.105 - - [16/Feb/2026:02:31:11 +0100] "POST /ebay_marketplace_account_deletion_endpoint.php HTTP/1.1" 200 3092 "-" "ReactorNetty/1.2.10"
66.211.183.70 - - [16/Feb/2026:02:31:11 +0100] "POST /ebay_marketplace_account_deletion_endpoint.php HTTP/1.1" 200 3092 "-" "ReactorNetty/1.2.10"
62.138.2.14 - - [16/Feb/2026:02:31:14 +0100] "GET /NEU-Fenster-Eigenschaften-4353--5614_71.html HTTP/1.1" 200 16002 "-" "Mozilla/5.0 (X11; Linux x86_64) AppleWebKit/537.36 (KHTML, like Gecko) Chrome/124.0.0.0 Safari/537.36"
62.138.2.14 - - [16/Feb/2026:02:31:33 +0100] "GET /TOP-77-13---112-166.html HTTP/1.1" 200 14623 "-" "Mozilla/5.0 (X11; Linux x86_64) AppleWebKit/537.36 (KHTML, like Gecko) Chrome/124.0.0.0 Safari/537.36"
62.138.2.14 - - [16/Feb/2026:02:31:53 +0100] "GET /TOP-77/TOP-77-12---101_111-129.html HTTP/1.1" 200 14786 "-" "Mozilla/5.0 (X11; Linux x86_64) AppleWebKit/537.36 (KHTML, like Gecko) Chrome/124.0.0.0 Safari/537.36"
62.138.2.14 - - [16/Feb/2026:02:32:13 +0100] "GET /TOP-77/TOP-77-12---101_111-127.html HTTP/1.1" 200 14785 "-" "Mozilla/5.0 (X11; Linux x86_64) AppleWebKit/537.36 (KHTML, like Gecko) Chrome/124.0.0.0 Safari/537.36"
62.138.2.14 - - [16/Feb/2026:02:32:33 +0100] "GET /NEU-Fenster-Eigenschaften-4353--8083_112.html HTTP/1.1" 200 16007 "-" "Mozilla/5.0 (X11; Linux x86_64) AppleWebKit/537.36 (KHTML, like Gecko) Chrome/124.0.0.0 Safari/537.36"
216.113.184.101 - - [16/Feb/2026:02:32:53 +0100] "POST /ebay_marketplace_account_deletion_endpoint.php HTTP/1.1" 200 3092 "-" "ReactorNetty/1.2.10"
62.138.2.14 - - [16/Feb/2026:02:32:53 +0100] "GET /NEU-Fenster-Eigenschaften-4353--7466_111.html HTTP/1.1" 200 15979 "-" "Mozilla/5.0 (X11; Linux x86_64) AppleWebKit/537.36 (KHTML, like Gecko) Chrome/124.0.0.0 Safari/537.36"
62.138.2.14 - - [16/Feb/2026:02:33:13 +0100] "GET /NEU-Fenster-Eigenschaften-4353--5723_71.html HTTP/1.1" 200 15983 "-" "Mozilla/5.0 (X11; Linux x86_64) AppleWebKit/537.36 (KHTML, like Gecko) Chrome/124.0.0.0 Safari/537.36"
62.138.2.14 - - [16/Feb/2026:02:33:33 +0100] "GET /TOP-1-viele/TOP-12---69_71-132.html HTTP/1.1" 200 14780 "-" "Mozilla/5.0 (X11; Linux x86_64) AppleWebKit/537.36 (KHTML, like Gecko) Chrome/124.0.0.0 Safari/537.36"
62.138.2.14 - - [16/Feb/2026:02:33:53 +0100] "GET /TOP-1-viele/TOP-12---69_71-127.html HTTP/1.1" 200 14782 "-" "Mozilla/5.0 (X11; Linux x86_64) AppleWebKit/537.36 (KHTML, like Gecko) Chrome/124.0.0.0 Safari/537.36"
216.113.184.102 - - [16/Feb/2026:02:34:07 +0100] "POST /ebay_marketplace_account_deletion_endpoint.php HTTP/1.1" 200 3092 "-" "ReactorNetty/1.2.10"
66.211.183.72 - - [16/Feb/2026:02:34:07 +0100] "POST /ebay_marketplace_account_deletion_endpoint.php HTTP/1.1" 200 3092 "-" "ReactorNetty/1.2.10"
62.138.2.14 - - [16/Feb/2026:02:34:13 +0100] "GET /NEU-Fenster-Eigenschaften-4353--5724_71.html HTTP/1.1" 200 15973 "-" "Mozilla/5.0 (X11; Linux x86_64) AppleWebKit/537.36 (KHTML, like Gecko) Chrome/124.0.0.0 Safari/537.36"
62.138.2.14 - - [16/Feb/2026:02:34:33 +0100] "GET /TOP-1-viele/TOP-12---69_71-146.html HTTP/1.1" 200 14780 "-" "Mozilla/5.0 (X11; Linux x86_64) AppleWebKit/537.36 (KHTML, like Gecko) Chrome/124.0.0.0 Safari/537.36"
62.138.2.14 - - [16/Feb/2026:02:34:55 +0100] "GET /TOP-1-viele/TOP-12---69_71-136.html HTTP/1.1" 200 14779 "-" "Mozilla/5.0 (X11; Linux x86_64) AppleWebKit/537.36 (KHTML, like Gecko) Chrome/124.0.0.0 Safari/537.36"
62.138.2.14 - - [16/Feb/2026:02:35:14 +0100] "GET /NEU-Fenster-Eigenschaften-4353--8050_112.html HTTP/1.1" 200 15983 "-" "Mozilla/5.0 (X11; Linux x86_64) AppleWebKit/537.36 (KHTML, like Gecko) Chrome/124.0.0.0 Safari/537.36"
62.138.6.15 - - [16/Feb/2026:02:35:25 +0100] "GET /images/product_images/popup_images/8050_0.png HTTP/1.1" 206 29172 "https://yes-a177922.de/NEU-Fenster-Eigenschaften-4353--8050_112.html" "Mozilla/5.0 (Macintosh; Intel Mac OS X 10.15; rv:103.0) Gecko/20100101 Firefox/103.0"
66.135.223.43 - - [16/Feb/2026:02:35:30 +0100] "POST /ebay_marketplace_account_deletion_endpoint.php HTTP/1.1" 200 3092 "-" "ReactorNetty/1.2.10"
62.138.2.14 - - [16/Feb/2026:02:35:33 +0100] "GET /NEU-Fenster-Eigenschaften-4353--8049_112.html HTTP/1.1" 200 16006 "-" "Mozilla/5.0 (X11; Linux x86_64) AppleWebKit/537.36 (KHTML, like Gecko) Chrome/124.0.0.0 Safari/537.36"
66.135.223.41 - - [16/Feb/2026:02:35:34 +0100] "POST /ebay_marketplace_account_deletion_endpoint.php HTTP/1.1" 200 3092 "-" "ReactorNetty/1.2.10"
62.138.2.14 - - [16/Feb/2026:02:35:54 +0100] "GET /NEU-Fenster-Eigenschaften-4353--5655_71.html HTTP/1.1" 200 16004 "-" "Mozilla/5.0 (X11; Linux x86_64) AppleWebKit/537.36 (KHTML, like Gecko) Chrome/124.0.0.0 Safari/537.36"
62.138.2.14 - - [16/Feb/2026:02:36:13 +0100] "GET /NEU-Fenster-Eigenschaften-4353--8092_112.html HTTP/1.1" 200 15983 "-" "Mozilla/5.0 (X11; Linux x86_64) AppleWebKit/537.36 (KHTML, like Gecko) Chrome/124.0.0.0 Safari/537.36"
62.138.2.14 - - [16/Feb/2026:02:36:36 +0100] "GET /TOP-1-viele/TOP-12---69_71-144.html HTTP/1.1" 200 14780 "-" "Mozilla/5.0 (X11; Linux x86_64) AppleWebKit/537.36 (KHTML, like Gecko) Chrome/124.0.0.0 Safari/537.36"
62.138.2.14 - - [16/Feb/2026:02:36:53 +0100] "GET /TOP-1-viele/TOP-12---69_71-135.html HTTP/1.1" 200 14786 "-" "Mozilla/5.0 (X11; Linux x86_64) AppleWebKit/537.36 (KHTML, like Gecko) Chrome/124.0.0.0 Safari/537.36"
62.138.2.14 - - [16/Feb/2026:02:37:14 +0100] "GET /TOP-1-viele/TOP-12---69_71-148.html HTTP/1.1" 200 14781 "-" "Mozilla/5.0 (X11; Linux x86_64) AppleWebKit/537.36 (KHTML, like Gecko) Chrome/124.0.0.0 Safari/537.36"
62.138.2.14 - - [16/Feb/2026:02:37:33 +0100] "GET /TOP-1-viele/TOP-12---69_71-147.html HTTP/1.1" 200 14781 "-" "Mozilla/5.0 (X11; Linux x86_64) AppleWebKit/537.36 (KHTML, like Gecko) Chrome/124.0.0.0 Safari/537.36"
62.138.2.14 - - [16/Feb/2026:02:37:53 +0100] "GET /TOP-1-viele/TOP-12---69_71-151.html HTTP/1.1" 200 14773 "-" "Mozilla/5.0 (X11; Linux x86_64) AppleWebKit/537.36 (KHTML, like Gecko) Chrome/124.0.0.0 Safari/537.36"
66.249.69.37 - - [16/Feb/2026:02:38:09 +0100] "GET /robots.txt HTTP/1.1" 206 3661 "-" "Mozilla/5.0 (compatible; Googlebot/2.1; +http://www.google.com/bot.html)"
66.249.69.36 - - [16/Feb/2026:02:38:09 +0100] "GET /NEU-Fenster-Eigenschaften-4353--8001.html HTTP/1.1" 200 16014 "-" "Mozilla/5.0 (Linux; Android 6.0.1; Nexus 5X Build/MMB29P) AppleWebKit/537.36 (KHTML, like Gecko) Chrome/144.0.7559.132 Mobile Safari/537.36 (compatible; Googlebot/2.1; +http://www.google.com/bot.html)"
62.138.2.14 - - [16/Feb/2026:02:38:13 +0100] "GET /TOP-1-viele/TOP-12---69_71-142.html HTTP/1.1" 200 14777 "-" "Mozilla/5.0 (X11; Linux x86_64) AppleWebKit/537.36 (KHTML, like Gecko) Chrome/124.0.0.0 Safari/537.36"
66.249.69.37 - - [16/Feb/2026:02:38:15 +0100] "GET /js/vendor/foundation.js HTTP/1.1" 404 12193 "https://yes-a177922.de/NEU-Fenster-Eigenschaften-4353--8001.html" "Mozilla/5.0 (Linux; Android 6.0.1; Nexus 5X Build/MMB29P) AppleWebKit/537.36 (KHTML, like Gecko) Chrome/144.0.7559.132 Mobile Safari/537.36 (compatible; Googlebot/2.1; +http://www.google.com/bot.html)"
66.249.69.37 - - [16/Feb/2026:02:38:15 +0100] "GET /js/vendor/what-input.js HTTP/1.1" 404 12193 "https://yes-a177922.de/NEU-Fenster-Eigenschaften-4353--8001.html" "Mozilla/5.0 (Linux; Android 6.0.1; Nexus 5X Build/MMB29P) AppleWebKit/537.36 (KHTML, like Gecko) Chrome/144.0.7559.132 Mobile Safari/537.36 (compatible; Googlebot/2.1; +http://www.google.com/bot.html)"
66.249.69.36 - - [16/Feb/2026:02:38:16 +0100] "GET /js/vendor/jquery.mobile.custom.min.js HTTP/1.1" 404 12193 "https://yes-a177922.de/NEU-Fenster-Eigenschaften-4353--8001.html" "Mozilla/5.0 (Linux; Android 6.0.1; Nexus 5X Build/MMB29P) AppleWebKit/537.36 (KHTML, like Gecko) Chrome/144.0.7559.132 Mobile Safari/537.36 (compatible; Googlebot/2.1; +http://www.google.com/bot.html)"
66.249.69.37 - - [16/Feb/2026:02:38:16 +0100] "GET /js/bemobile.js HTTP/1.1" 404 12193 "https://yes-a177922.de/NEU-Fenster-Eigenschaften-4353--8001.html" "Mozilla/5.0 (Linux; Android 6.0.1; Nexus 5X Build/MMB29P) AppleWebKit/537.36 (KHTML, like Gecko) Chrome/144.0.7559.132 Mobile Safari/537.36 (compatible; Googlebot/2.1; +http://www.google.com/bot.html)"
66.249.69.36 - - [16/Feb/2026:02:38:17 +0100] "GET /javascript/jDropDown.js HTTP/1.1" 404 12193 "https://yes-a177922.de/NEU-Fenster-Eigenschaften-4353--8001.html" "Mozilla/5.0 (Linux; Android 6.0.1; Nexus 5X Build/MMB29P) AppleWebKit/537.36 (KHTML, like Gecko) Chrome/144.0.7559.132 Mobile Safari/537.36 (compatible; Googlebot/2.1; +http://www.google.com/bot.html)"
66.249.69.36 - - [16/Feb/2026:02:38:17 +0100] "GET /js/imagelightbox.min.js HTTP/1.1" 404 12193 "https://yes-a177922.de/NEU-Fenster-Eigenschaften-4353--8001.html" "Mozilla/5.0 (Linux; Android 6.0.1; Nexus 5X Build/MMB29P) AppleWebKit/537.36 (KHTML, like Gecko) Chrome/144.0.7559.132 Mobile Safari/537.36 (compatible; Googlebot/2.1; +http://www.google.com/bot.html)"
66.249.69.37 - - [16/Feb/2026:02:38:18 +0100] "GET /js/app.js HTTP/1.1" 404 12193 "https://yes-a177922.de/NEU-Fenster-Eigenschaften-4353--8001.html" "Mozilla/5.0 (Linux; Android 6.0.1; Nexus 5X Build/MMB29P) AppleWebKit/537.36 (KHTML, like Gecko) Chrome/144.0.7559.132 Mobile Safari/537.36 (compatible; Googlebot/2.1; +http://www.google.com/bot.html)"
66.249.69.36 - - [16/Feb/2026:02:38:18 +0100] "GET /js/jquery.bxslider.min.js HTTP/1.1" 404 12193 "https://yes-a177922.de/NEU-Fenster-Eigenschaften-4353--8001.html" "Mozilla/5.0 (Linux; Android 6.0.1; Nexus 5X Build/MMB29P) AppleWebKit/537.36 (KHTML, like Gecko) Chrome/144.0.7559.132 Mobile Safari/537.36 (compatible; Googlebot/2.1; +http://www.google.com/bot.html)"
66.249.69.36 - - [16/Feb/2026:02:38:19 +0100] "GET /javascript/scrolltotop.js HTTP/1.1" 404 12193 "https://yes-a177922.de/NEU-Fenster-Eigenschaften-4353--8001.html" "Mozilla/5.0 (Linux; Android 6.0.1; Nexus 5X Build/MMB29P) AppleWebKit/537.36 (KHTML, like Gecko) Chrome/144.0.7559.132 Mobile Safari/537.36 (compatible; Googlebot/2.1; +http://www.google.com/bot.html)"
66.249.69.36 - - [16/Feb/2026:02:38:19 +0100] "GET /product_info.php?action=get_price&products_id=8001&X=500&Y=500 HTTP/1.1" 200 3452 "https://yes-a177922.de/NEU-Fenster-Eigenschaften-4353--8001.html" "Mozilla/5.0 (Linux; Android 6.0.1; Nexus 5X Build/MMB29P) AppleWebKit/537.36 (KHTML, like Gecko) Chrome/144.0.7559.132 Mobile Safari/537.36 (compatible; Googlebot/2.1; +http://www.google.com/bot.html)"
62.138.2.14 - - [16/Feb/2026:02:38:34 +0100] "GET /NEU-Fenster-Eigenschaften-4353--8077_112.html HTTP/1.1" 200 15983 "-" "Mozilla/5.0 (X11; Linux x86_64) AppleWebKit/537.36 (KHTML, like Gecko) Chrome/124.0.0.0 Safari/537.36"
62.138.2.14 - - [16/Feb/2026:02:38:53 +0100] "GET /TOP-1-viele/TOP-12---69_71-139.html HTTP/1.1" 200 14782 "-" "Mozilla/5.0 (X11; Linux x86_64) AppleWebKit/537.36 (KHTML, like Gecko) Chrome/124.0.0.0 Safari/537.36"
62.138.2.14 - - [16/Feb/2026:02:39:42 +0100] "GET /robots.txt HTTP/1.1" 206 3661 "-" "Mozilla/5.0 (X11; Linux x86_64) AppleWebKit/537.36 (KHTML, like Gecko) Chrome/124.0.0.0 Safari/537.36"
62.138.2.14 - - [16/Feb/2026:02:39:42 +0100] "GET /TOP-1-viele/TOP-12---69_71-133.html HTTP/1.1" 200 14783 "-" "Mozilla/5.0 (X11; Linux x86_64) AppleWebKit/537.36 (KHTML, like Gecko) Chrome/124.0.0.0 Safari/537.36"
62.138.2.14 - - [16/Feb/2026:02:40:01 +0100] "GET /TOP-1-viele/TOP-12---69_71-137.html HTTP/1.1" 200 14781 "-" "Mozilla/5.0 (X11; Linux x86_64) AppleWebKit/537.36 (KHTML, like Gecko) Chrome/124.0.0.0 Safari/537.36"
66.211.183.72 - - [16/Feb/2026:02:40:15 +0100] "POST /ebay_marketplace_account_deletion_endpoint.php HTTP/1.1" 200 3092 "-" "ReactorNetty/1.2.10"
62.138.2.14 - - [16/Feb/2026:02:40:19 +0100] "GET /NEU-Fenster-Eigenschaften-4353--8072_112.html HTTP/1.1" 200 15980 "-" "Mozilla/5.0 (X11; Linux x86_64) AppleWebKit/537.36 (KHTML, like Gecko) Chrome/124.0.0.0 Safari/537.36"
216.113.184.105 - - [16/Feb/2026:02:40:36 +0100] "POST /ebay_marketplace_account_deletion_endpoint.php HTTP/1.1" 200 3092 "-" "ReactorNetty/1.2.10"
62.138.2.14 - - [16/Feb/2026:02:40:39 +0100] "GET /TOP-1-viele/TOP-12---69_71-134.html HTTP/1.1" 200 14781 "-" "Mozilla/5.0 (X11; Linux x86_64) AppleWebKit/537.36 (KHTML, like Gecko) Chrome/124.0.0.0 Safari/537.36"
62.138.2.14 - - [16/Feb/2026:02:40:59 +0100] "GET /NEU-Fenster-Eigenschaften-4353--5794_71.html HTTP/1.1" 200 15994 "-" "Mozilla/5.0 (X11; Linux x86_64) AppleWebKit/537.36 (KHTML, like Gecko) Chrome/124.0.0.0 Safari/537.36"
62.138.2.14 - - [16/Feb/2026:02:41:19 +0100] "GET /TOP-77/TOP-77-12---101_111-135.html HTTP/1.1" 200 14789 "-" "Mozilla/5.0 (X11; Linux x86_64) AppleWebKit/537.36 (KHTML, like Gecko) Chrome/124.0.0.0 Safari/537.36"
62.138.2.14 - - [16/Feb/2026:02:41:39 +0100] "GET /TOP-1-viele/TOP-12---69_71-126.html HTTP/1.1" 200 14781 "-" "Mozilla/5.0 (X11; Linux x86_64) AppleWebKit/537.36 (KHTML, like Gecko) Chrome/124.0.0.0 Safari/537.36"
62.138.2.14 - - [16/Feb/2026:02:42:00 +0100] "GET /TOP-1-viele/TOP-12---69_71-130.html HTTP/1.1" 200 14782 "-" "Mozilla/5.0 (X11; Linux x86_64) AppleWebKit/537.36 (KHTML, like Gecko) Chrome/124.0.0.0 Safari/537.36"
62.138.2.14 - - [16/Feb/2026:02:42:19 +0100] "GET /TOP-1-viele/TOP-12---69_71-128.html HTTP/1.1" 200 14782 "-" "Mozilla/5.0 (X11; Linux x86_64) AppleWebKit/537.36 (KHTML, like Gecko) Chrome/124.0.0.0 Safari/537.36"
62.138.2.14 - - [16/Feb/2026:02:42:39 +0100] "GET /TOP-77/TOP-77-12---101_111-123.html HTTP/1.1" 200 14785 "-" "Mozilla/5.0 (X11; Linux x86_64) AppleWebKit/537.36 (KHTML, like Gecko) Chrome/124.0.0.0 Safari/537.36"
62.138.2.14 - - [16/Feb/2026:02:42:59 +0100] "GET /TOP-77/TOP-77-12---101_111-144.html HTTP/1.1" 200 14785 "-" "Mozilla/5.0 (X11; Linux x86_64) AppleWebKit/537.36 (KHTML, like Gecko) Chrome/124.0.0.0 Safari/537.36"
62.138.2.14 - - [16/Feb/2026:02:43:19 +0100] "GET /TOP-77/TOP-77-12---101_111-140.html HTTP/1.1" 200 14787 "-" "Mozilla/5.0 (X11; Linux x86_64) AppleWebKit/537.36 (KHTML, like Gecko) Chrome/124.0.0.0 Safari/537.36"
62.138.2.14 - - [16/Feb/2026:02:43:39 +0100] "GET /TOP-1-viele/TOP-12---69_71-131.html HTTP/1.1" 200 14781 "-" "Mozilla/5.0 (X11; Linux x86_64) AppleWebKit/537.36 (KHTML, like Gecko) Chrome/124.0.0.0 Safari/537.36"
62.138.2.14 - - [16/Feb/2026:02:43:59 +0100] "GET /TOP-77/TOP-77-12---101_111-148.html HTTP/1.1" 200 14785 "-" "Mozilla/5.0 (X11; Linux x86_64) AppleWebKit/537.36 (KHTML, like Gecko) Chrome/124.0.0.0 Safari/537.36"
62.138.2.14 - - [16/Feb/2026:02:44:19 +0100] "GET /TOP-1-viele/TOP-12---69_71-122.html HTTP/1.1" 200 14778 "-" "Mozilla/5.0 (X11; Linux x86_64) AppleWebKit/537.36 (KHTML, like Gecko) Chrome/124.0.0.0 Safari/537.36"
216.113.184.101 - - [16/Feb/2026:02:44:36 +0100] "POST /ebay_marketplace_account_deletion_endpoint.php HTTP/1.1" 200 3092 "-" "ReactorNetty/1.2.10"
66.211.183.70 - - [16/Feb/2026:02:44:36 +0100] "POST /ebay_marketplace_account_deletion_endpoint.php HTTP/1.1" 200 3092 "-" "ReactorNetty/1.2.10"
66.135.223.42 - - [16/Feb/2026:02:44:36 +0100] "POST /ebay_marketplace_account_deletion_endpoint.php HTTP/1.1" 200 3092 "-" "ReactorNetty/1.2.10"
62.138.2.14 - - [16/Feb/2026:02:44:39 +0100] "GET /TOP-77-13---112-164.html HTTP/1.1" 200 14621 "-" "Mozilla/5.0 (X11; Linux x86_64) AppleWebKit/537.36 (KHTML, like Gecko) Chrome/124.0.0.0 Safari/537.36"
216.113.184.103 - - [16/Feb/2026:02:44:58 +0100] "POST /ebay_marketplace_account_deletion_endpoint.php HTTP/1.1" 200 3092 "-" "ReactorNetty/1.2.10"
216.113.184.101 - - [16/Feb/2026:02:44:58 +0100] "POST /ebay_marketplace_account_deletion_endpoint.php HTTP/1.1" 200 3092 "-" "ReactorNetty/1.2.10"
66.135.223.41 - - [16/Feb/2026:02:44:58 +0100] "POST /ebay_marketplace_account_deletion_endpoint.php HTTP/1.1" 200 3092 "-" "ReactorNetty/1.2.10"
66.135.223.40 - - [16/Feb/2026:02:44:58 +0100] "POST /ebay_marketplace_account_deletion_endpoint.php HTTP/1.1" 200 3092 "-" "ReactorNetty/1.2.10"
66.211.183.70 - - [16/Feb/2026:02:44:59 +0100] "POST /ebay_marketplace_account_deletion_endpoint.php HTTP/1.1" 200 3092 "-" "ReactorNetty/1.2.10"
62.138.2.14 - - [16/Feb/2026:02:45:00 +0100] "GET /NEU-Fenster-Eigenschaften-4353--5729_71.html HTTP/1.1" 200 15966 "-" "Mozilla/5.0 (X11; Linux x86_64) AppleWebKit/537.36 (KHTML, like Gecko) Chrome/124.0.0.0 Safari/537.36"
62.138.2.14 - - [16/Feb/2026:02:45:19 +0100] "GET /TOP-77/TOP-77-12---101_111-142.html HTTP/1.1" 200 14781 "-" "Mozilla/5.0 (X11; Linux x86_64) AppleWebKit/537.36 (KHTML, like Gecko) Chrome/124.0.0.0 Safari/537.36"
62.138.2.14 - - [16/Feb/2026:02:45:39 +0100] "GET /NEU-Fenster-Eigenschaften-4353--8071_112.html HTTP/1.1" 200 15978 "-" "Mozilla/5.0 (X11; Linux x86_64) AppleWebKit/537.36 (KHTML, like Gecko) Chrome/124.0.0.0 Safari/537.36"
62.138.3.40 - - [16/Feb/2026:02:45:53 +0100] "GET /images/product_images/popup_images/8071_0.png HTTP/1.1" 206 29172 "https://yes-a177922.de/NEU-Fenster-Eigenschaften-4353--8071_112.html" "Mozilla/5.0 (Macintosh; Intel Mac OS X 10.15; rv:103.0) Gecko/20100101 Firefox/103.0"
62.138.2.14 - - [16/Feb/2026:02:45:59 +0100] "GET /TOP-77-13---112-153.html HTTP/1.1" 200 14623 "-" "Mozilla/5.0 (X11; Linux x86_64) AppleWebKit/537.36 (KHTML, like Gecko) Chrome/124.0.0.0 Safari/537.36"
62.138.2.14 - - [16/Feb/2026:02:46:19 +0100] "GET /TOP-77-13---112-167.html HTTP/1.1" 200 14582 "-" "Mozilla/5.0 (X11; Linux x86_64) AppleWebKit/537.36 (KHTML, like Gecko) Chrome/124.0.0.0 Safari/537.36"
62.138.2.14 - - [16/Feb/2026:02:46:39 +0100] "GET /NEU-Fenster-Eigenschaften-4353--8070_112.html HTTP/1.1" 200 15998 "-" "Mozilla/5.0 (X11; Linux x86_64) AppleWebKit/537.36 (KHTML, like Gecko) Chrome/124.0.0.0 Safari/537.36"
62.138.2.14 - - [16/Feb/2026:02:46:59 +0100] "GET /NEU-Fenster-Eigenschaften-4353--8082_112.html HTTP/1.1" 200 16009 "-" "Mozilla/5.0 (X11; Linux x86_64) AppleWebKit/537.36 (KHTML, like Gecko) Chrome/124.0.0.0 Safari/537.36"
62.138.3.40 - - [16/Feb/2026:02:47:11 +0100] "GET /images/product_images/popup_images/8082_0.png HTTP/1.1" 206 29172 "https://yes-a177922.de/NEU-Fenster-Eigenschaften-4353--8082_112.html" "Mozilla/5.0 (Macintosh; Intel Mac OS X 10.15; rv:103.0) Gecko/20100101 Firefox/103.0"
62.138.2.14 - - [16/Feb/2026:02:47:19 +0100] "GET /TOP-77/TOP-77-12---101_111-143.html HTTP/1.1" 200 14783 "-" "Mozilla/5.0 (X11; Linux x86_64) AppleWebKit/537.36 (KHTML, like Gecko) Chrome/124.0.0.0 Safari/537.36"
62.138.2.14 - - [16/Feb/2026:02:47:39 +0100] "GET /TOP-77/TOP-77-12---101_111-146.html HTTP/1.1" 200 14784 "-" "Mozilla/5.0 (X11; Linux x86_64) AppleWebKit/537.36 (KHTML, like Gecko) Chrome/124.0.0.0 Safari/537.36"
62.138.2.14 - - [16/Feb/2026:02:47:59 +0100] "GET /TOP-77/TOP-77-12---101_111-126.html HTTP/1.1" 200 14783 "-" "Mozilla/5.0 (X11; Linux x86_64) AppleWebKit/537.36 (KHTML, like Gecko) Chrome/124.0.0.0 Safari/537.36"
62.138.2.14 - - [16/Feb/2026:02:48:19 +0100] "GET /TOP-77/TOP-77-12---101_111-132.html HTTP/1.1" 200 14785 "-" "Mozilla/5.0 (X11; Linux x86_64) AppleWebKit/537.36 (KHTML, like Gecko) Chrome/124.0.0.0 Safari/537.36"
66.135.223.42 - - [16/Feb/2026:02:48:21 +0100] "POST /ebay_marketplace_account_deletion_endpoint.php HTTP/1.1" 200 3092 "-" "ReactorNetty/1.2.10"
62.138.2.14 - - [16/Feb/2026:02:48:39 +0100] "GET /TOP-77/TOP-77-12---101_111-138.html HTTP/1.1" 200 14787 "-" "Mozilla/5.0 (X11; Linux x86_64) AppleWebKit/537.36 (KHTML, like Gecko) Chrome/124.0.0.0 Safari/537.36"
62.138.2.14 - - [16/Feb/2026:02:48:59 +0100] "GET /TOP-77/TOP-77-12---101_111-139.html HTTP/1.1" 200 14786 "-" "Mozilla/5.0 (X11; Linux x86_64) AppleWebKit/537.36 (KHTML, like Gecko) Chrome/124.0.0.0 Safari/537.36"
62.138.2.14 - - [16/Feb/2026:02:49:19 +0100] "GET /TOP-77/TOP-77-12---101_111-150.html HTTP/1.1" 200 14784 "-" "Mozilla/5.0 (X11; Linux x86_64) AppleWebKit/537.36 (KHTML, like Gecko) Chrome/124.0.0.0 Safari/537.36"
62.138.2.14 - - [16/Feb/2026:02:49:39 +0100] "GET /TOP-77/TOP-77-12---101_111-133.html HTTP/1.1" 200 14786 "-" "Mozilla/5.0 (X11; Linux x86_64) AppleWebKit/537.36 (KHTML, like Gecko) Chrome/124.0.0.0 Safari/537.36"
62.138.2.14 - - [16/Feb/2026:02:49:59 +0100] "GET /TOP-77/TOP-77-12---101_111-151.html HTTP/1.1" 200 14595 "-" "Mozilla/5.0 (X11; Linux x86_64) AppleWebKit/537.36 (KHTML, like Gecko) Chrome/124.0.0.0 Safari/537.36"
66.249.69.38 - - [16/Feb/2026:02:50:10 +0100] "GET /NEU-Fenster-Eigenschaften-4353--7146.html HTTP/1.1" 200 16049 "-" "Mozilla/5.0 (Linux; Android 6.0.1; Nexus 5X Build/MMB29P) AppleWebKit/537.36 (KHTML, like Gecko) Chrome/144.0.7559.132 Mobile Safari/537.36 (compatible; Googlebot/2.1; +http://www.google.com/bot.html)"
62.138.2.14 - - [16/Feb/2026:02:50:21 +0100] "GET /NEU-Fenster-Eigenschaften-4353--8073_112.html HTTP/1.1" 200 16010 "-" "Mozilla/5.0 (X11; Linux x86_64) AppleWebKit/537.36 (KHTML, like Gecko) Chrome/124.0.0.0 Safari/537.36"
66.249.69.37 - - [16/Feb/2026:02:50:27 +0100] "GET /js/vendor/foundation.js HTTP/1.1" 404 12191 "https://yes-a177922.de/NEU-Fenster-Eigenschaften-4353--7146.html" "Mozilla/5.0 (Linux; Android 6.0.1; Nexus 5X Build/MMB29P) AppleWebKit/537.36 (KHTML, like Gecko) Chrome/144.0.7559.132 Mobile Safari/537.36 (compatible; Googlebot/2.1; +http://www.google.com/bot.html)"
66.249.69.37 - - [16/Feb/2026:02:50:27 +0100] "GET /js/vendor/what-input.js HTTP/1.1" 404 12191 "https://yes-a177922.de/NEU-Fenster-Eigenschaften-4353--7146.html" "Mozilla/5.0 (Linux; Android 6.0.1; Nexus 5X Build/MMB29P) AppleWebKit/537.36 (KHTML, like Gecko) Chrome/144.0.7559.132 Mobile Safari/537.36 (compatible; Googlebot/2.1; +http://www.google.com/bot.html)"
66.249.69.36 - - [16/Feb/2026:02:50:28 +0100] "GET /js/vendor/jquery.mobile.custom.min.js HTTP/1.1" 404 12191 "https://yes-a177922.de/NEU-Fenster-Eigenschaften-4353--7146.html" "Mozilla/5.0 (Linux; Android 6.0.1; Nexus 5X Build/MMB29P) AppleWebKit/537.36 (KHTML, like Gecko) Chrome/144.0.7559.132 Mobile Safari/537.36 (compatible; Googlebot/2.1; +http://www.google.com/bot.html)"
66.249.69.36 - - [16/Feb/2026:02:50:28 +0100] "GET /js/imagelightbox.min.js HTTP/1.1" 404 12191 "https://yes-a177922.de/NEU-Fenster-Eigenschaften-4353--7146.html" "Mozilla/5.0 (Linux; Android 6.0.1; Nexus 5X Build/MMB29P) AppleWebKit/537.36 (KHTML, like Gecko) Chrome/144.0.7559.132 Mobile Safari/537.36 (compatible; Googlebot/2.1; +http://www.google.com/bot.html)"
